 common factor of 16 and 8406448?
16
Calculate the highest common factor of 253 and 117001.
23
What is the highest common divisor of 232241 and 71?
71
What is the highest common divisor of 135 and 56073?
3
Calculate the greatest common divisor of 26 and 8801.
13
What is the greatest common divisor of 1919 and 8417?
19
Calculate the highest common factor of 568608 and 72.
24
What is the greatest common divisor of 459840 and 15807?
1437
Calculate the highest common divisor of 410 and 2337410.
410
What is the highest common divisor of 60662 and 3095?
619
Calculate the greatest common factor of 12 and 1052160.
12
Calculate the highest common factor of 151140 and 1342.
22
Calculate the greatest common divisor of 333709 and 4605.
307
What is the highest common factor of 1425 and 16800?
75
What is the greatest common factor of 267784 and 187?
187
Calculate the greatest common factor of 42 and 759738.
42
Calculate the highest common divisor of 632760 and 120.
120
Calculate the highest common factor of 226303 and 99.
11
Calculate the highest common factor of 11 and 52294.
11
Calculate the highest common divisor of 2982 and 132912.
426
Calculate the highest common divisor of 115 and 534865.
115
What is the greatest common divisor of 24 and 111144?
24
What is the greatest common divisor of 295286 and 382?
382
What is the highest common factor of 188 and 133292?
188
Calculate the highest common divisor of 78 and 1288287.
39
What is the highest common factor of 19154 and 549?
61
What is the greatest common divisor of 900 and 25225?
25
Calculate the highest common divisor of 98 and 132.
2
What is the highest common divisor of 815 and 715?
5
What is the greatest common factor of 16 and 497296?
16
What is the greatest common divisor of 4807 and 5819?
253
Calculate the greatest common factor of 7560 and 8120.
280
Calculate the greatest common divisor of 4900 and 39025.
175
Calculate the highest common factor of 15617 and 259.
7
What is the highest common factor of 325 and 265?
5
Calculate the highest common factor of 30 and 349.
1
What is the highest common divisor of 766171 and 7?
7
Calculate the greatest common factor of 21 and 130452.
21
What is the greatest common factor of 2029658 and 46?
46
What is the highest common divisor of 60 and 304905?
15
Calculate the greatest common factor of 15689816 and 1084.
1084
Calculate the highest common factor of 5375 and 8000.
125
Calculate the greatest common factor of 1037 and 16958.
61
What is the greatest common factor of 38252 and 219?
73
Calculate the highest common divisor of 516927 and 111.
111
What is the highest common divisor of 11805570 and 588?
294
Calculate the highest common factor of 3363 and 66576.
57
Calculate the highest common factor of 513 and 341829.
171
Calculate the greatest common divisor of 79320 and 480.
120
Calculate the highest common factor of 24 and 248940.
12
Calculate the highest common divisor of 91 and 245661.
13
Calculate the highest common factor of 220 and 39666.
22
Calculate the greatest common divisor of 1512 and 66312.
216
Calculate the highest common factor of 37608 and 487337.
1567
What is the greatest common divisor of 20 and 937655?
5
What is the greatest common factor of 10440 and 4480?
40
What is the greatest common factor of 501 and 1593?
3
What is the highest common divisor of 2723 and 32287?
389
Calculate the greatest common divisor of 306176 and 1248.
416
What is the highest common divisor of 3886600 and 1000?
200
What is the greatest common factor of 274 and 208?
2
Calculate the greatest common divisor of 680463 and 882.
441
Calculate the greatest common divisor of 3664 and 512.
16
What is the highest common divisor of 408 and 15249?
51
Calculate the highest common factor of 1010368 and 64.
64
Calculate the greatest common divisor of 106664 and 16716.
796
Calculate the greatest common factor of 2170 and 18065.
5
What is the greatest common divisor of 1098 and 5364?
18
Calculate the greatest common factor of 522 and 7542.
18
Calculate the greatest common divisor of 6915 and 9615.
15
Calculate the highest common factor of 10 and 24730.
10
Calculate the highest common divisor of 179339 and 131.
131
What is the highest common divisor of 680508 and 48?
12
Calculate the greatest common factor of 505 and 545.
5
Calculate the greatest common divisor of 1380 and 265880.
460
Calculate the highest common divisor of 12 and 245172.
12
What is the greatest common factor of 1830244 and 577?
577
What is the greatest common factor of 687 and 24?
3
What is the greatest common factor of 6578 and 176594?
506
Calculate the greatest common divisor of 6 and 874.
2
Calculate the highest common divisor of 91 and 87.
1
Calculate the highest common divisor of 778416 and 64.
16
What is the greatest common divisor of 298112 and 204?
68
What is the highest common divisor of 8670 and 20?
10
Calculate the highest common divisor of 7335 and 15435.
45
Calculate the greatest common divisor of 805 and 989.
23
Calculate the greatest common divisor of 1020 and 7616.
68
Calculate the greatest common factor of 10 and 50815.
5
What is the greatest common divisor of 12194 and 9009?
91
What is the highest common divisor of 47700 and 8268?
636
What is the greatest common factor of 486820 and 80?
20
Calculate the highest common factor of 26725 and 30.
5
Calculate the greatest common divisor of 500 and 91375.
125
Calculate the greatest common factor of 682 and 4433.
341
What is the highest common factor of 1209 and 80848?
31
Calculate the greatest common factor of 155837 and 341.
341
What is the greatest common divisor of 115 and 222502?
23
What is the greatest common factor of 2804510 and 20?
10
Calculate the highest common divisor of 29224 and 16328.
104
Calculate the greatest common divisor of 1305 and 7398045.
1305
Calculate the greatest common factor of 261210 and 60.
30
Calculate the highest common factor of 13114 and 3002.
158
What is the highest common divisor of 1248 and 2886?
78
What is the greatest common factor of 41536 and 88?
88
Calculate the greatest common factor of 74 and 37844.
2
What is the greatest common factor of 99814 and 78?
26
What is the highest common divisor of 961205 and 7?
7
Calculate the greatest common divisor of 48 and 32742.
6
Calculate the highest common factor of 2405 and 27053.
13
Calculate the greatest common factor of 15980 and 9894.
34
What is the greatest common divisor of 2664713 and 1893?
631
Calculate the highest common factor of 4260 and 660.
60
What is the greatest common divisor of 4016320 and 1793?
1793
Calculate the greatest common factor of 21868 and 49.
7
Calculate the greatest common factor of 2176 and 408.
136
What is the highest common factor of 130145 and 5?
5
What is the highest common factor of 178306 and 2?
2
Calculate the highest common divisor of 11 and 203753.
11
Calculate the highest common divisor of 422222 and 7276.
214
What is the highest common divisor of 103480 and 17160?
520
Calculate the greatest common divisor of 492 and 518322.
246
What is the greatest common divisor of 121767 and 222?
111
Calculate the highest common factor of 2409 and 4521.
33
What is the highest common divisor of 1067 and 49269?
11
Calculate the highest common divisor of 6642019 and 17.
17
What is the greatest common factor of 306 and 2244?
102
What is the greatest common factor of 11370 and 510?
30
What is the highest common factor of 6895 and 1505?
35
What is the greatest common factor of 48378 and 198?
66
What is the highest common divisor of 3900 and 624?
156
What is the greatest common factor of 2100 and 11732?
28
Calculate the greatest common factor of 242 and 781.
11
What is the highest common factor of 12561 and 1113?
159
What is the greatest common factor of 114640 and 60?
20
What is the highest common factor of 1493627 and 1853?
109
Calculate the highest common divisor of 46419 and 144.
3
What is the highest common factor of 2476123 and 52?
13
What is the greatest common factor of 120655 and 818?
409
Calculate the greatest common factor of 21745 and 45.
5
What is the highest common factor of 1879370 and 2840?
710
What is the greatest common divisor of 13744 and 1552?
16
What is the greatest common divisor of 72 and 757832?
8
Calculate the highest common factor